ivided by n?
11
Let h = -21 + 47. Let t = h + -9. Suppose 0 = -w + t. Calculate the remainder when 50 is divided by w.
16
Let j = -88 + 79. Calculate the remainder when 96 is divided by (-27)/2*6/j.
6
Suppose -j - 24 = -2*j + 4*u, -5*u + 120 = 5*j. Suppose -m = -5*v - 2 - 3, -v = 1. Let q(x) = x**2 - x + 70. Calculate the remainder when q(m) is divided by j.
22
Suppose 4*k = -5*g - 0*g + 587, 0 = 5*k - g - 770. Let o = -191 - -217. Calculate the remainder when k is divided by o.
23
Suppose -2*u + 1640 = 5*k, 5*k = -u - 2*u + 1640. What is the remainder when k is divided by 47?
46
Let p = 435 - 256. Calculate the remainder when p is divided by 14.
11
Suppose 34*l - 32*l + h = 1052, 2*h = -5*l + 2630. Calculate the remainder when l is divided by 23.
20
Suppose 5*r + 3*z = 269, -2*r - z = 4*z - 119. Suppose -2*m = 4*u - r, u + 53 = 2*m + 6*u. What is the remainder when 70 is divided by m?
22
Let v be (20/2)/(3/6) + -1. Let d = 7 - 13. Let t = d + v. Calculate the remainder when 50 is divided by t.
11
Let b be (-2)/(-3) - 67/(-3). Let w = 28 + -25. Suppose 0 = 3*m + w, 0*x = -5*x - 2*m + b. What is the remainder when 9 is divided by x?
4
Calculate the remainder when 23 is divided by (60/18 + 0)/(3/9).
3
Let g = 16 + -12. Calculate the remainder when 11 is divided by g.
3
Suppose 2*q - 3*y = 0, 5*q + 6*y = y. Suppose 1 = -q*h + h. Suppose -38 = -8*l - 22. What is the remainder when l is divided by h?
0
What is the remainder when (1/1 - -321) + (-1)/1 is divided by 27?
24
Suppose -8*u = -3*u - 10. Suppose -4*w = p - 6, u = 4*w - 3*p + 4. What is the remainder when 17 is divided by (w*-5)/(5/(-10))?
7
Let b = 429 - -433. Calculate the remainder when b is divided by 27.
25
Suppose -16*h - 2*h = -144. Suppose -84 = 3*c - 0*j + 3*j, 3*c + 4*j = -81. Let q = c + 60. Calculate the remainder when q is divided by h.
5
Let t(q) = 3 + 6*q - 2 + 0 + 5*q. Calculate the remainder when t(8) is divided by 13.
11
Calculate the remainder when 3 + -1 + 1 + 130 is divided by 15.
13
Let j = -10 + 13. Suppose 5*v - 4*v - 9 = -2*s, j*v - 9 = 0. Suppose s*q - 38 = -k + 3, -3*q - 23 = -k. What is the remainder when k is divided by 11?
10
Calculate the remainder when (-10196)/(-30) + 7/((-945)/(-18)) is divided by 43.
39
Let g(b) = -90*b - 17. Let h be g(-2). Let m = h - 57. Calculate the remainder when m is divided by 22.
18
Let b(c) = 2*c**2 + 10*c + 48. What is the remainder when b(0) is divided by 32?
16
Let g = -2005 + 2049. Calculate the remainder when 171 is divided by g.
39
Let q(t) = -t**2 + 9*t - 6. Let i be q(7). Let z = i - -1. Suppose -d + 6*d - 3*w = 190, d + 4*w = 61. What is the remainder when d is divided by z?
5
Let h(v) = 2*v**2 - 23*v + 13. Let m be h(11). Suppose t + 45 = 5*l, 3*t - 13 - 2 = 0. What is the remainder when 447*m/18 - 2/3 is divided by l?
9
What is the remainder when 144*(-4 + 27/6) is divided by 19?
15
Suppose -g - 65 + 20 = -3*s, s = -5*g + 31. Suppose 8 - 41 = 11*w. Let b = w + s. Calculate the remainder when 24 is divided by b.
11
Suppose -5*b - 2*n - 260 = 2*n, -4*b + 5*n - 249 = 0. Let z = b + 114. What is the remainder when z is divided by 30?
28
Suppose 0*h - 3*h = -2*j - 292, -5*h + 470 = 5*j. What is the remainder when h is divided by 20?
16
Suppose 105 = 5*u - 4*a, 5*u - 8*u + 5*a = -50. Calculate the remainder when u is divided by 1 - (26*1)/(-2).
11
Let b be 1*(0 + (-1 - 1)). What is the remainder when ((-1)/(b/4))/(17/272) is divided by 12?
8
Let x(y) = y**2 - 25*y + 186. What is the remainder when 609 is divided by x(10)?
33
Suppose -13 = 3*i + 4*r - 57, -4*r + 4 = i. Calculate the remainder when 45 is divided by i.
5
Let s = -13 - -17. Suppose 3*w = 5*r - 0*r + 50, -s*r - 2*w = 18. Let o(p) = p**2 + 6*p + 9. What is the remainder when 25 is divided by o(r)?
9
Let b = -146 - -149. What is the remainder when 164 is divided by ((-15)/b + -11)*3/(-2)?
20
Let y be (-4)/(-6) - (-4)/3. Suppose 3*b + 0*b + 5*g - 1 = 0, 3*g = y*b + 31. Let v = 15 - b. Calculate the remainder when 89 is divided by v.
20
Calculate the remainder when 137 is divided by ((-4)/8)/((-4)/112).
11
Suppose 229*j + 108 = 235*j. Let p = -76 - -127. Calculate the remainder when p is divided by j.
15
What is the remainder when 707 is divided by ((-226)/791)/(1/(-42))?
11
Suppose 4 = -4*a + 5*u, 4*a + 4*u = 3*a + 20. Suppose -3*d + 2 + a = 0. Suppose 0*c - 90 = -d*c. Calculate the remainder when c is divided by 16.
13
Let n(d) = d**3 - 4*d**2 - 12*d + 19. What is the remainder when 89 is divided by n(6)?
13
Let s(h) = h**3 - 11*h**2 + 2*h + 23. Let b = 3 - -9. What is the remainder when s(11) is divided by b?
9
Suppose 3*x + 20 = 8*x. Let g be 3/(x/(80/12)). Suppose 4*o - 4 = -12, -2*v - g*o = -8. What is the remainder when 35 is divided by v?
8
Suppose -78 = -2*c + 88. Calculate the remainder when 259 is divided by c.
10
Suppose -7*p = -3*p - 140. What is the remainder when 205 is divided by p?
30
Suppose 51 = c + l, -3*c - l + 164 = 1. What is the remainder when c is divided by 19?
18
Let p = -75 + 336. What is the remainder when p is divided by 5?
1
Suppose -4*l + g + 406 = 0, 4*l - 8*l = -2*g - 404. Let f = -3 - -5. Suppose -f*s + 5*s = l. What is the remainder when s is divided by 9?
7
Let k be (-1)/((-2)/68) - (-4 - -2). Suppose 18 = 4*h + 5*g, -g - 3*g = -4*h + k. What is the remainder when h is divided by 4?
3
Suppose -8*t = -53 - 3. Calculate the remainder when 128 is divided by t.
2
Let j(m) = 2*m**2 - 9*m + 18. Let r be j(12). Suppose r = 4*x - 10. Suppose 0 = 3*s - 5 - x. What is the remainder when 36 is divided by s?
17
Let w be (-78)/(-4)*76/(-57). Calculate the remainder when w/2*-1 + 3 - 0 is divided by 3.
1
Suppose -w + 577 = 553. Let v(d) = -78*d + 2. Let p be v(-2). Suppose -118 = -4*f - 3*r + p, -5*r - 345 = -5*f. Calculate the remainder when f is divided by w.
21
Let i(x) = -2*x + 15. Let w(f) = -f + 8. Let v = 22 - 18. Let y(n) = v*i(n) - 9*w(n). Calculate the remainder when y(16) is divided by 3.
1
Let z = -203 - -224. What is the remainder when 83 is divided by z?
20
Let p(q) = q**3 - 4*q**2 + 7*q - 5. Suppose 0 = 2*s - 18 + 4. What is the remainder when p(4) is divided by s?
2
What is the remainder when (426/(-15))/((-3)/15) is divided by 16?
14
Suppose 16 = -4*c + 20. What is the remainder when 11 is divided by (-4 + c + 0)*(-20)/15?
3
Suppose -7*b = -270 + 88. Calculate the remainder when 73 is divided by b.
21
Let a = 657 - 584. Calculate the remainder when 502 is divided by a.
64
Let v(d) = -d**2 + 34*d + 45. Let w = 78 + -41. What is the remainder when w is divided by v(35)?
7
Let k(h) = 23*h + 27*h + 24*h - 69*h - 28. What is the remainder when 45 is divided by k(8)?
9
Let h(c) = 2*c**2 - 13*c - 1054. Let u be (-4)/(-3) + (-6)/(-9). Suppose w = -u*w + 27. What is the remainder when w is divided by h(-20)?
3
Suppose -5*q + 12 = -8. Suppose -5*v - 165 = -5*k, -q = -4*v - 16. Calculate the remainder when k is divided by 8.
6
Let t = -94 + 128. What is the remainder when 86 is divided by t?
18
Let x(a) = -51*a - 4. Let z be x(3). Suppose -5*c + 2*g - 553 = 0, 2*c + 206 = -3*g - 0*g. Let i = c - z. Calculate the remainder when i is divided by 17.
14
Suppose -4*v = 0, 0 = b - 3*v + v - 42. What is the remainder when 82 is divided by b?
40
What is the remainder when ((-51975)/22)/21*4/(-3) is divided by 18?
6
Suppose 173*l + 180 = 183*l. What is the remainder when 91 is divided by l?
1
Suppose 0 = 42*s - 68 - 100. Calculate the remainder when 58 is divided by s.
2
Let x be (-9588)/(-108) - 2/(-9). Let a = -47 + x. Let m = 31 + a. Calculate the remainder when m is divided by 19.
16
Let b(r) = -41*r - 242. What is the remainder when 17 is divided by b(-6)?
1
Suppose 3*u - 4*u = -20. Let w = 378 + -340. Calculate the remainder when w is divided by u.
18
What is the remainder when 27 is divided by ((-160)/(-30))/8 + (-74)/(-6)?
1
Suppose -5*y + 0*y + 45 = 0. Suppose -5*v + 112 = -3*v. Let r = 108 - v. Calculate the remainder when r is divided by y.
7
Suppose 20 = 3*p - p. Let n(x) = x**3 + 3*x**2 + 2*x. Let g be n(-3). Calculate the remainder when (-3)/g*79 - (-3)/(-6) is divided by p.
9
Suppose -l - 4*k + 7*k + 141 = 0, -279 = -2*l + 5*k. What is the remainder when l is divided by 28?
20
Let t(h) = 53*h - 12. Suppose -42 = -5*u - 4*z, -4*